q) = -9*q + 30*q - 8*q + 2 - 11*q. Suppose -3*x + d = -13, 7*x - 2*d - 22 = 2*x. Suppose -y - 6 = -x*y. Calculate g(y).
6
Let c(w) = w + 6. Suppose -34 = 4*y - 2*g, -4*g - 4 = -0*g. Let x be c(y). Let o(k) = 2*k - 2. What is o(x)?
-8
Let w(i) be the first derivative of -i**4/4 - i**3 + 3*i**2 + i - 32. What is w(-4)?
-7
Let c(o) = o**2 - o - 1. Let p(v) = -6*v**3 + 3*v**3 - 3*v + 5*v**3 - 3*v**3 + 2*v**2. Let i(n) = -2*c(n) + p(n). Give i(0).
2
Let v(c) be the first derivative of 2*c - 4 - 1/4*c**4 - c**3 - 1/2*c**2. Determine v(-2).
0
Let m(g) = -g**2 + 6*g + 2. Let l = -12 - -12. Suppose 3*v - 4*d - 10 = l, 5*v = -d - 16 + 48. Give m(v).
2
Suppose -10 = -5*u + 5. Suppose d + 10 = u*k, -2*d - 3*k = -2*k + 6. Let v(w) be the third derivative of w**5/60 + w**4/6 + w**3 - 2*w**2. Give v(d).
6
Let g(x) be the second derivative of x**4/12 + 5*x**3/6 + 3*x**2/2 + 14*x. Determine g(-5).
3
Suppose 2*t + 10 = 2. Let d(a) = 3*a + 4. Determine d(t).
-8
Let n(v) be the third derivative of v**4/24 - v**3/6 + 3*v**2. Let h be (3/2 - -1)*-2. Let o be 17/h + 4/10. Calculate n(o).
-4
Let z = 7 + -10. Let p(x) = x + 1. Let l(n) = -2*n - 3. Let u(q) = -3*l(q) - 5*p(q). Give u(z).
1
Let f = -20 - -20. Let b(t) = t + 1. Calculate b(f).
1
Let x(t) be the second derivative of t**5/20 + 7*t**4/12 + 2*t**3/3 - 2*t**2 - 10*t - 3. Suppose 3*q + 6 = 2*q. Give x(q).
8
Suppose 0 = -5*s - 3*r + 18, 0 = -4*s + 6*s - r - 5. Let i(w) = -2*w + 2. Let c be i(s). Let u(g) = g**3 + 4*g**2 + 2*g + 5. Give u(c).
-3
Let x(r) = -89 + 2*r**2 - 3*r**2 + 5*r + 39 + 44. Calculate x(5).
-6
Let z(a) = -8*a - 3. Let b be 1/1 - (-6)/(-2). Determine z(b).
13
Let g(v) = v - 2. Suppose -6*c - 12 = -4*c. Give g(c).
-8
Let u(j) = -116 - 3*j - j**3 + 113 - 5*j**2 - 2*j. Calculate u(-4).
1
Let o = -41 - -34. Let n(f) = f**2 + 8*f + 8. What is n(o)?
1
Suppose p + 15 = 4*p. Let c(m) = -5*m + 3 + 2*m**3 + 6*m**2 + 1 - 3*m**3. Calculate c(p).
4
Let i(x) be the second derivative of -x**5/20 + x**4/2 - x**3/2 - 7*x**2/2 - 3*x. Suppose 0*v - 5 = v. Let b = 0 - v. Determine i(b).
3
Let g = 63 + -62. Let l(b) = 3*b - 1. What is l(g)?
2
Let n = -3 - 5. Let w be ((-1)/1)/((-4)/n). Let z be ((-2)/w - 1)/1. Let a(c) = -c**3 + c + 5. Determine a(z).
5
Let y(a) = -8*a**2 + 3*a - 1 + 10*a**2 + 0. Determine y(-3).
8
Let d(m) = m. Let r(v) = -v**3 + 7*v**2 + 2*v - 6. Let y be r(7). Give d(y).
8
Suppose 5*v - 1 = 3*j - 7*j, 5 = 2*v - 3*j. Let r(b) = -2*b**2 - 1. Let f be r(v). Let m(l) = 3*l + 2. Calculate m(f).
-7
Let x = 5 - 5. Suppose x*u = u. Let t(c) = 1 - 1 + c - 5. Give t(u).
-5
Suppose 2*s = 4*f - 18, -3 + 0 = s. Let i(w) = -w**2 - 6*w - 2*w + f*w + 2*w. Give i(-4).
-4
Let j(s) = -2*s**2 + 6*s + 5. Suppose 4*m = -4*z + 4, -4*m + 4*z + 32 = -4. Determine j(m).
-15
Suppose 5*d - 10 = 0, 6 = 2*c + 3*c + 3*d. Let q(z) = -5 - 1 + z - 3. What is q(c)?
-9
Let h(d) = d + 12. Let c be h(-9). Let x(m) = -m**2 + m - 1. What is x(c)?
-7
Suppose c = -0 + 3. Let t be (6/(-9))/((-4)/42). Let q = c - t. Let o(x) = -2*x - 4. Calculate o(q).
4
Let x(m) = m**2 + 2*m - 3. Let d(v) = v + 1. Let z(f) = 2*d(f) - x(f). What is z(0)?
5
Let n(j) = -4*j**2 - 5*j - 4. Let c(p) = p**2 + 6*p**2 - 4*p**2 + 3 + 5*p. Let a(v) = 3*c(v) + 2*n(v). Calculate a(-2).
-5
Let f = -44 - -49. Let u(t) = t**3 - 5*t**2 + 3. What is u(f)?
3
Let h(o) be the first derivative of -1/2*o**4 + 3*o + o**3 + 8 + o**2. Give h(3).
-18
Let h = 1/467 + 447/9340. Let x(c) be the third derivative of 0 + 1/8*c**4 - 1/120*c**6 + h*c**5 + 0*c - 1/3*c**3 + 3*c**2. Calculate x(4).
-6
Let g(s) = 14*s + 21*s - 2 - 29*s + s**2. Calculate g(-3).
-11
Let x(q) = -q - 1. Let w(a) = -3*a**2 - a + 2. Let i be w(1). Calculate x(i).
1
Let r be (-76)/(-16) + 6/(-8). Let v(a) be the first derivative of a**3/3 - a**2/2 - 4*a + 1. Calculate v(r).
8
Let g(k) be the second derivative of k**4/12 + k**3/6 - 2*k**2 + 2*k. Suppose 3*w - 2 = -20. Let h = w - -2. Give g(h).
8
Let t = 156 + -164. Let d(j) = -j**2 - 10*j - 7. What is d(t)?
9
Suppose 2*s = -3*w + 4*s - 6, -4*s = 0. Let k(i) = 0*i**2 - i - 2*i**2 - 8 + 7. What is k(w)?
-7
Let y(f) be the third derivative of -f**4/24 + f**2. Let p(l) = -8*l + 2. Let x(g) = -p(g) + 6*y(g). Let o = 96 - 94. Give x(o).
2
Let v(j) = -4*j + 1. Let s(t) = t**2 - 5*t + 2. Suppose 0 = -2*d - 2*r + r - 5, 4*d = -r - 9. Let o(c) = d*s(c) + 3*v(c). Calculate o(-2).
-5
Let c(k) be the third derivative of k**4/24 + k**3/6 - k**2. Suppose -5*y + 5 = -15. Determine c(y).
5
Let u(c) be the first derivative of c**6/120 - c**5/30 + c**4/6 - c**3/2 + c**2/2 + 3. Let x(n) be the second derivative of u(n). Determine x(2).
5
Let d = -8 - -10. Let b be 110/(-35) + d/14. Let g(t) = -4*t**2 - 2*t + 4. Let p(a) = -3*a**2 - 2*a + 3. Let w(q) = -2*g(q) + 3*p(q). Determine w(b).
-2
Let b be 1/(-3)*-9 - 4. Let t be -1 - (4 + b/1). Let v(z) be the third derivative of -z**6/120 - z**5/20 + z**4/12 - 5*z**3/6 + z**2. Determine v(t).
3
Let m = 2 + -1. Let l be (6 + m/(-1))/1. Suppose l*d - 9 + 4 = 0. Let y(x) = -x**3 + x**2 + x. Calculate y(d).
1
Let k(n) be the first derivative of -3/2*n**2 - 2 - n. What is k(-1)?
2
Let g(h) = h**3 + 4*h**2 + 4*h + 3. Suppose 0*j = 2*j - 4*f - 14, 2*j + 2*f - 38 = 0. Suppose 2*p + 6 = n, -n - 2*n = 5*p + j. What is g(p)?
0
Let k(p) = 3*p**2 + 5*p. Suppose 1 = 2*z + 5*m - 18, -4*m = 5*z - 39. Let h = z + -10. Let v(b) = 2*b**2 + 5*b - 1. Let w(c) = h*k(c) + 4*v(c). Calculate w(5).
-4
Suppose -5*z = s - 14, 0 = -s + 4*z - 5 + 1. Suppose 3 = s*w - 1. Let t(x) = 4*x**3 - 2*x**2 + x. What is t(w)?
3
Let l(i) = -2*i. Suppose -7*x + 4*x + 13 = -4*f, f - 1 = 5*x. What is l(f)?
8
Let b(h) be the second derivative of h**4/12 + h**3 + h**2/2 - h. Let o(i) = -3*i - 1. Let g(k) = -k - 1. Let x be g(-2). Let p be o(x). Give b(p).
-7
Let n be -2*(1 - (-2 - -5)). Let i(h) = 4*h**3 - 2*h**2 + 0*h**2 - 3*h**3 - 5*h + n*h - 1. Determine i(2).
-3
Suppose 4*b - 3 = 9. Let g(i) = i + 1. Determine g(b).
4
Let x(a) be the first derivative of -7*a**4/4 - 3*a**3 - 2*a**2 - 8*a - 6. Let k(m) = m**3 + m**2 + 1. Let y(j) = -5*k(j) - x(j). Calculate y(-2).
-5
Let j(y) = -y**3 + 7*y**2 + 2*y - 9. Let n be j(7). Suppose -s + 3 = 3*m - 4, 3*m - s - n = 0. Let w(p) = -p**3 + p**2 - 1. Give w(m).
-5
Let z be (12/(-8))/(6/(-8)). Let b(h) = -12*h + z + 4*h - 2. What is b(-1)?
8
Let o(k) = k - 3. Let m(w) = w**2 + 6*w - 5. Let b be m(-7). Suppose -b*d + 4*v = -6, -3*d + 0 = -v - 9. Suppose -12 = d*s - 6*s. Calculate o(s).
1
Let q(l) = 4*l**2 + 8*l - 8. Suppose -2*w = 3*a + a - 22, -16 = 4*w - 4*a. Let v(u) = -u + 1. Let t(f) = w*q(f) + 8*v(f). What is t(-1)?
4
Let u(s) = 0*s**2 + 51*s - s**3 + 0*s**2 - 54*s - 3. Calculate u(-2).
11
Let j(u) = 2*u + 5. Let g be 4*(4 - 5) - -4. Give j(g).
5
Let t(r) = 5*r**2 - 1. Let k be ((-2)/(-4))/((-4)/(-40)). Suppose -k*c - 2 = -3*c. What is t(c)?
4
Let f(r) = -3*r**2 + 2*r + 7*r**2 - 2*r**2. Determine f(-3).
12
Let p be (48/(-80))/(3/15). Let d(q) = -2*q - 3. Determine d(p).
3
Let m(s) be the second derivative of s**4/6 + s**3/6 - s**2/2 - 10*s. Give m(-2).
5
Let x(w) be the third derivative of 0*w**3 + 0*w + 0 + 1/30*w**5 - 5*w**2 + 1/8*w**4 - 1/120*w**6. Give x(3).
0
Let p be 2/(-1)*(-1 + -1). Let h = 60 - 50. Suppose 2*m = p*m + h. Let g(k) = -k - 7. Give g(m).
-2
Let m(z) = -2*z**2 + z. Let p be m(-1). Let g(k) be the first derivative of -k**3/3 + k**2/2 + 4*k + 12. Calculate g(p).
-8
Let j(q) be the third derivative of q**4/24 - q**3/6 - 20*q**2. Determine j(-3).
-4
Let u(b) = -6 + b - 2*b + 2. Let q(v) = -2*v - 4. Let c be q(0). Give u(c).
0
Let n(o) = -13*o + 4. Let d(g) = -3*g + 1. Let m(k) = 9*d(k) - 2*n(k). Determine m(1).
0
Let v be -2 + 5/1 + 1. Let m(c) = 0 + 2*c + 3 - v. Determine m(4).
7
Let z(x) = -2*x**3 + x**2 - 2 + 2*x**2 + 0 - 22*x + 21*x. Determine z(2).
-8
Let u(m) be the first derivative of -m**3/3 - 3*m**2/2 - 2*m - 5. Calculate u(-5).
-12
Let p(r) = -6 + 30*r - 3 + 2 - 25*r + r**2. What is p(-5)?
-7
Let b(n) = -n + 0*n**2 - n**2 - 8 - 10*n + 0. Determine b(-10).
2
Suppose -2*v - 11*v = 0. Let b(u) = -u**3 - u - 3. Determine b(v).
-3
Let i(g) = -g**3 - 8*g**2 + 4. Let o be (-2)/12 + 282/(-36). Let x be i(o). Let b(f) be the third derivative of f**5/60 - f**4/6 - f**3/3 + f**2. What is b(x)?
-2
Let v(z) = 2*z - 5. Let i b